*x - 28799, 0 = -x - 4*x + v + 71999. Let o = x - 8755. Is o composite?
True
Let v(m) = -50*m**3 - 12*m**2 + 19*m + 392. Is v(-11) prime?
False
Suppose -164*w - 1348954 = 193*w - 9943372. Is w prime?
False
Is (-85358)/546*8826/(-14) composite?
True
Suppose -232 = 3*x - 64. Is (2/((-8)/(-254)))/(x/(-1904)) prime?
False
Suppose 6*p - 52066 = -51293 + 504553. Is p prime?
True
Suppose -60*m = -55*m + 4*o - 3938203, 0 = -2*m + o + 1575276. Is m a composite number?
False
Let w(v) = -290*v**3 + 8*v**2 + 6*v + 17. Is w(-3) a composite number?
False
Suppose -11*x - 13*x + 12792 = 0. Suppose -u = -4*v + x, 5*v = u + 3*u + 658. Is v prime?
False
Let x(o) = 7894*o**2 + 290*o - 123. Is x(-16) composite?
False
Suppose -2*k + 234 = 2*w, 0 = -2*k + 10. Let t = 1790 - w. Let i = 4515 - t. Is i composite?
False
Let a(y) = -3*y**3 - 2*y**2 - y + 1. Let h be (54 + -45)/((3/(-2))/1). Is a(h) a prime number?
False
Suppose 3*m - 600349 = q, -41462 + 641819 = 3*m + 3*q. Is m a composite number?
False
Suppose 59*p = 56*p - 4*i + 32795, 0 = p + i - 10933. Is p composite?
False
Suppose 119*w - 122*w = -258. Let d = 3707 + w. Is d composite?
False
Suppose -3*m - 133853 = -g, 5*g + 4*m = 599592 + 69673. Is g a prime number?
True
Is (3/(-6))/(1*(-12)/2853384) prime?
True
Let b be ((-14)/4)/((-22)/29128). Let s = b + -831. Is s a prime number?
True
Suppose -39*t + 52*t = -62*t + 1005225. Is t composite?
True
Suppose -25*f + 4*f + 3036896 = 11*f. Is f prime?
True
Let j be 1960/480 - 1/12. Suppose -29784 = -j*c - 4100. Is c a prime number?
True
Let p(u) = 1600*u + 53. Let s(z) = -8002*z - 264. Let n(l) = -11*p(l) - 2*s(l). Is n(-3) composite?
False
Let l be ((-6)/(-14))/(18/126). Suppose -l*w - 1358 = -m, -3*m + 921 = -3*w - 3123. Is m prime?
False
Let n(f) = f**3 + 10*f**2 + 6*f - 15. Let z be n(-7). Let q = 171 - z. Let s = q + -24. Is s a composite number?
True
Suppose 0 = 2*x - 2 - 4, -3*n = 2*x - 5487. Let v(k) = 18*k - 16. Let f be v(1). Suppose -2*g + 1159 + 653 = -2*h, n = f*g - 5*h. Is g a composite number?
True
Suppose 2*q + 87 = 5*y, 2*y - 8*q + 3*q = 18. Let c = -15 + y. Suppose -j = c*n - 811, 0 = 3*j - 0*j + n - 2422. Is j prime?
False
Suppose -2*j = f - 20220, 2*f + 0*f - 3*j - 40419 = 0. Let w = 38351 - f. Is w a prime number?
False
Let h(u) = 726*u**2 + 9*u - 14. Let q = -364 + 367. Is h(q) prime?
True
Let u = 69814 + -46380. Is u prime?
False
Let u(g) = g**3 + 27*g**2 + 2*g + 31. Let h be u(-27). Let i be 19 + h + (36 - 0). Suppose i*l = 31*l + 1259. Is l prime?
True
Suppose t - 56036 = -q, 0 = -28*t + 23*t - 15. Is q a prime number?
True
Suppose 28*p - 389266 - 1976706 = 0. Is p a prime number?
True
Let n be -1 - (-9)/7 - (-417768)/364. Suppose g + 5*d + 4 = 291, 4*g - 2*d = n. Is g a prime number?
False
Suppose -3*x + 25234 - 6554 = -p, -x + 6250 = -5*p. Suppose -2*v + 2497 = -3*t, -3*t = 5*v - 7*t - x. Is v a prime number?
False
Let y be (13 + -16 + 397)*28. Suppose -5*g + 20 = -0. Suppose -2741 = -t + 2*p + 3*p, -g*t + y = -3*p. Is t a composite number?
True
Let m be (6/(-30))/((-8)/80). Suppose -f = -4*r + 2948, -m*r + 3*r + 2*f - 737 = 0. Is r prime?
False
Suppose 17*y = -14*y + 1663181. Is y composite?
True
Suppose 150*y - 177*y = 432. Suppose -63 = b + 2*r - 0, -4*r - 16 = 0. Let x = y - b. Is x a prime number?
False
Suppose 6*y - 3*y - 73 = 5*s, -4 = y + 4*s. Suppose -2*x - 5*k - y = 0, 0 = -3*x - 0*x - k + 2. Suppose 286 = x*n - 0*o + 2*o, 2*o = 3*n - 429. Is n composite?
True
Let i(l) = l**2 + 13*l - 8. Let j be i(-14). Let c = j + -8. Is 2*c/(-1) - -409 a composite number?
True
Suppose -47*k + 46*k + 258281 = -3*p, 5*p - 1291525 = -5*k. Is k a prime number?
True
Let k = -12604 + 2487. Let g = k - -19334. Is g a composite number?
True
Let q(k) = 4*k + 26. Let c be q(-6). Let t be (7 + -6)*(0 - c)/2. Is ((-2)/4*t)/(-1)*-452 prime?
False
Suppose 0 = 9*s - 2*s - 21. Let w be 486/(-72) + s/4. Is (-18)/w + 166*13 prime?
True
Suppose 0*q + 3396 = 2*y + 3*q, -3*y + 5*q + 5056 = 0. Suppose 4*u + y = -4*t, 5*t - 853 = u + u. Let o = -93 - u. Is o a composite number?
False
Let u = -1535 + 2774. Suppose 24*y + u = 27*y. Is y composite?
True
Let l(p) = 8*p**2 - 122*p + 1303. Is l(71) a prime number?
True
Let y(f) be the first derivative of -7*f**4/2 + 15*f**2/2 + f + 731. Let h(i) = i**2 - 6. Let m be h(0). Is y(m) prime?
False
Let p be 0 - 2*(-15)/10. Suppose -1052 = -d - 3*i, -p*i = -d - i + 1047. Is d a composite number?
False
Let g(b) = 121*b**3 + 15*b**2 + 3*b + 1. Let a be g(4). Let m = -4204 + a. Is m a composite number?
False
Let o(x) = 3*x**3 + 12*x**2 - 3*x + 12. Let b be o(-9). Let p(z) = -184*z + 63. Let v be p(-11). Let r = v + b. Is r a composite number?
False
Let w = -69 - -78. Let c(b) = b**2 - 8*b + 1. Let t be c(w). Let k(x) = 6*x**2 + 5*x + 51. Is k(t) prime?
True
Suppose -32180 = -o + 4*m, 2*o + 37701 = -3*m + 102028. Let j = o + -18561. Is j a composite number?
True
Let m = -62 - -79. Let v(y) = y**3 - 14*y**2 + 21*y - 5. Is v(m) composite?
True
Let k(v) = 121*v**2 + 6*v - 15. Let c be k(3). Suppose -873 = -f + 4*q, -3*f = -3*q - 1536 - c. Is f a composite number?
False
Suppose 0 = -27*x + 243*x - 9797976. Is x composite?
False
Let d be (-7 + 8)/(2/(-2360)). Let x = d - -246. Let a = x - -1383. Is a a composite number?
False
Let p = -211 - -206. Let x(t) = -144*t**3 - t**2 - 4*t + 18. Is x(p) prime?
True
Let h(l) = -l**2 - 14*l + 25. Let j be h(-16). Let m(y) = -11*y**3 - 11*y**2 - 16*y + 7. Is m(j) a composite number?
True
Let u = 37 - 22. Suppose 4*s = -3*d + 2*s - 1, 5*d = 5*s + u. Is (-7 - -8)*(0 - d - -1736) a composite number?
True
Let m = 2562 + 14905. Let l = m - 12446. Is l a composite number?
False
Let h(x) be the first derivative of 2/3*x**3 - 13*x - 24 - 3/2*x**2. Is h(22) prime?
False
Let p be (-76*57)/(-4) - 1*-1. Suppose -7*c + p = -715. Is c a composite number?
False
Let o(c) = -33834*c + 405. Is o(-4) a composite number?
True
Suppose -95 = 2*r - 99. Suppose -r*g + 4998 = 2*c, 4*g - 9994 = -4*c + c. Is g a prime number?
False
Let z(h) = -h**3 + 16*h**2 - 31*h + 42. Let s be z(14). Suppose s = -7*u + 11*u + 4*l - 50452, 5*u = 3*l + 63049. Is u composite?
False
Let t = -161258 + 422289. Is t composite?
False
Let y(g) = 6*g - 243. Let k be y(8). Let d = 344 + k. Is d composite?
False
Is 652888/(-6)*(-15)/20 prime?
True
Let z = 20882 + 40971. Is z prime?
False
Let v(a) be the first derivative of -1045*a**2 - 17*a + 3. Let y be (-6 - -5)/(11/55). Is v(y) a prime number?
True
Suppose 32*u + 199193 = 35*u + 2*r, 0 = 2*u - 5*r - 132827. Is u composite?
True
Is 40*(-11)/(-330) + (-583409)/(-3) a prime number?
True
Suppose 38*p + 10 = 40*p. Suppose p*k - 12138 = -3*a, 3*k = a - 2*a + 7282. Let d = k - 1442. Is d composite?
True
Suppose -180 = -6*i + 120. Is (30815/i)/(6/60) prime?
True
Suppose -5*i + 5*a = 298055, 4*i = -6*a + 11*a - 238447. Let r = -34915 - i. Is r a composite number?
True
Let k(n) = -13*n - 23. Let b be k(-3). Suppose 6*z - b*z + 11510 = 0. Is z a prime number?
True
Let y be (48/(-22) - (-4)/22) + -2. Is (-1845500)/(-150)*((-2)/y - -1) prime?
False
Suppose -1206*c - 17944 = -1214*c. Is c composite?
False
Is (329 - 337)*99194/(-16) a prime number?
True
Let b(h) = -285*h**3 + 5*h**2 - 32*h + 5. Let q be b(-7). Suppose -q = -12*n - 15273. Is n a composite number?
True
Suppose 16*t - 19*t = -26*t + 12035693. Is t prime?
False
Let q(k) = -13*k - 61. Let o be q(-5). Suppose 578 = 2*v + w, -60 = -4*v + o*w + 1120. Is v a prime number?
False
Let b(q) = 22*q**2 - 44*q**2 + 18*q**2 + 16*q**2 - 39 + 31*q. Is b(20) a prime number?
True
Let f(m) = m**3 - 4*m**2 - 2*m + 12. Let x be f(6). Let q = x - 112. Is (-6)/16 + (-186695)/q a prime number?
False
Let z be (11/22)/(101/(-102) - -1). Suppose 0 = -5*l + 3*o + z, -2*l + o + 12 = -3*o. Is 1121/2 + l/(-8) prime?
False
Suppose -31 = 27*a + 23. Is 1/((1 - a)*(-2)/(-33324)) a prime number?
False
Let n be (266/(-114))/(7/(-12)). Suppose r = n, -10*p + 8*p - 4*r + 16454 = 0. Is p prime?
True
Let x be (-54)/(-30)*(1 + -6). Let y(t) = -26*t - 10. Let a be y(x). Suppose 2*w - 3*v = 464 + a, 4*w - v = 1366. Is w a composite number?
True
Is 1844/(0 + -1)*((-3626)/(-56))/(-7) a prime number?
False
Let j be (9 - 7)*(-11)/2*3. Let a = 30 + j. Is (-8)/a + 8/(-12) a composite number?
Fals